mon divisor of 7774 and 104?
26
What is the highest common factor of 360 and 56376?
72
What is the highest common factor of 5 and 29215?
5
Calculate the highest common factor of 148 and 33966.
74
What is the highest common divisor of 55 and 18931?
11
Calculate the highest common factor of 120 and 424824.
24
What is the greatest common factor of 60146 and 3077?
17
What is the greatest common factor of 154206 and 10998?
234
What is the greatest common divisor of 180 and 3474?
18
Calculate the greatest common divisor of 31940 and 180.
20
Calculate the highest common divisor of 255 and 107627.
17
What is the highest common factor of 31625 and 495?
55
What is the highest common divisor of 4440 and 2040?
120
What is the greatest common factor of 161100 and 48?
12
What is the highest common divisor of 344 and 322844?
172
What is the greatest common divisor of 14076 and 306?
306
Calculate the highest common factor of 1870 and 141845.
55
What is the greatest common factor of 192 and 96952?
8
Calculate the greatest common divisor of 20 and 70502.
2
What is the highest common factor of 38850 and 31290?
210
What is the greatest common divisor of 16014 and 2142?
102
Calculate the highest common divisor of 1758083 and 933.
311
What is the highest common factor of 116888 and 608?
152
Calculate the greatest common divisor of 16992 and 326624.
1888
Calculate the highest common divisor of 826 and 23659.
59
Calculate the greatest common divisor of 729239 and 133.
133
What is the highest common divisor of 876021 and 1647?
183
What is the greatest common divisor of 7305 and 979357?
487
Calculate the greatest common factor of 23571 and 679.
97
What is the greatest common divisor of 296712 and 91?
13
Calculate the greatest common divisor of 223262 and 2418.
806
Calculate the highest common divisor of 1 and 12323.
1
What is the greatest common divisor of 864 and 2934?
18
What is the highest common divisor of 51 and 127721?
17
Calculate the highest common divisor of 80 and 324752.
16
What is the greatest common factor of 62700 and 162360?
660
What is the greatest common divisor of 4556 and 306?
34
What is the highest common divisor of 1408199 and 13?
13
What is the greatest common divisor of 32 and 14512?
16
Calculate the highest common divisor of 1350 and 167778.
54
What is the highest common divisor of 36818 and 4182?
82
What is the highest common factor of 14289 and 1732?
433
What is the highest common divisor of 1071 and 9093?
21
Calculate the highest common divisor of 3289 and 482287.
299
Calculate the highest common factor of 8672 and 200.
8
Calculate the highest common divisor of 16 and 206096.
16
What is the greatest common factor of 4532644 and 1732?
1732
What is the greatest common factor of 19989 and 384233?
2221
What is the greatest common factor of 477 and 12826?
53
Calculate the greatest common factor of 6693 and 55096.
97
What is the greatest common factor of 39423 and 8670?
51
Calculate the highest common divisor of 4266 and 7830.
54
Calculate the highest common factor of 47113 and 22.
11
Calculate the highest common factor of 5530 and 10775205.
2765
Calculate the highest common factor of 1061 and 6.
1
What is the greatest common factor of 49294 and 1078?
98
Calculate the highest common factor of 10701 and 25839.
261
What is the highest common factor of 24 and 180968?
8
Calculate the highest common divisor of 42954 and 6.
6
Calculate the highest common factor of 17528 and 47263.
313
Calculate the greatest common factor of 508605 and 3280.
205
What is the greatest common divisor of 744 and 44888?
248
Calculate the greatest common divisor of 9 and 11013.
3
Calculate the greatest common factor of 260 and 100022.
26
Calculate the highest common divisor of 39366 and 36.
18
What is the highest common factor of 352 and 904?
8
Calculate the greatest common factor of 2464 and 2002.
154
What is the highest common factor of 11749 and 31457?
379
What is the highest common divisor of 239460 and 13?
13
What is the greatest common factor of 150 and 11575?
25
Calculate the greatest common divisor of 92209 and 533.
533
Calculate the greatest common divisor of 5599 and 2497.
11
What is the greatest common factor of 288147 and 1251?
417
Calculate the greatest common factor of 600 and 118050.
150
Calculate the highest common divisor of 58 and 3538.
58
What is the greatest common factor of 2 and 310462?
2
What is the highest common factor of 11070 and 480?
30
Calculate the highest common divisor of 57281 and 1670.
167
Calculate the greatest common divisor of 16932500 and 25.
25
What is the greatest common factor of 2013 and 2112?
33
What is the greatest common divisor of 180 and 6220?
20
What is the highest common divisor of 58450 and 205?
5
What is the greatest common factor of 384 and 21672?
24
Calculate the highest common divisor of 34665 and 5055.
15
What is the greatest common divisor of 28712 and 222?
74
What is the highest common divisor of 26845 and 30121?
91
Calculate the greatest common divisor of 475 and 76600.
25
What is the highest common factor of 503606 and 106?
106
Calculate the highest common factor of 148116 and 12.
12
What is the greatest common divisor of 5 and 4463?
1
What is the highest common divisor of 11 and 1638164?
11
What is the greatest common divisor of 91581 and 49?
49
What is the highest common factor of 894 and 43508?
298
What is the highest common divisor of 231035 and 490?
245
What is the highest common divisor of 68 and 277372?
68
Calculate the greatest common divisor of 2058 and 26019.
147
What is the highest common factor of 90880 and 664?
8
Calculate the highest common factor of 682 and 2139.
31
What is the greatest common divisor of 712 and 568?
8
Calculate the greatest common factor of 18 and 30882.
6
Calculate the highest common divisor of 76 and 129998.
38
Calculate the highest common factor of 56 and 65590.
14
What is the highest common factor of 13488 and 3504?
48
What is the highest common divisor of 1216 and 2224?
16
Calculate the highest common divisor of 1953 and 268863.
651
What is the greatest common divisor of 156 and 302796?
156
Calculate the greatest common divisor of 1284068 and 28.
4
Calculate the greatest common divisor of 82008 and 4284.
612
Calculate the greatest common factor of 973 and 257.
1
Calculate the highest common divisor of 271700 and 8800.
1100
What is the greatest common factor of 2279 and 64371?
43
Calculate the highest common factor of 13363 and 391.
23
Calculate the greatest common divisor of 425 and 272575.
25
What is the greatest common factor of 276 and 246144?
12
What is the highest common divisor of 311549 and 14?
7
Calculate the greatest common divisor of 70 and 2940595.
35
Calculate the greatest common divisor of 28017 and 3069.
99
Calculate the greatest common divisor of 16630 and 120.
10
Calculate the greatest common factor of 466481 and 193.
193
What is the highest common factor of 168 and 1778?
14
What is the greatest common divisor of 288277 and 9693?
359
What is the highest common factor of 41868 and 2124?
36
Calculate the greatest common divisor of 45 and 240105.
15
Calculate the highest common factor of 344715 and 385.
35
What is the highest common factor of 18062 and 1826?
22
Calculate the greatest common divisor of 500 and 2575.
25
What is the highest common factor of 192 and 1152336?
48
Calculate the greatest common divisor of 742545 and 319.
29
What is the greatest common factor of 91140 and 1395?
465
What is the highest common divisor of 32 and 145456?
16
What is the highest common divisor of 49676 and 572?
44
What is the greatest common factor of 437 and 19159?
23
Calculate the greatest common divisor of 88792 and 88.
88
What is the greatest common divisor of 111165 and 30?
15
What is the highest common divisor of 10303 and 1?
1
What is the highest common divisor of 650 and 34275?
25
What is the greatest common factor of 40736 and 4104?
152
What is the highest common factor of 13228 and 12?
4
What is the highest common divisor of 152 and 1112108?
76
Calculate the greatest common factor of 2466 and 228242.
274
What is the greatest common divisor of 1647 and 610?
61
Calculate the greatest common divisor of 4 and 297292.
4
What is the highest common factor of 904400 and 425?
42